{"id":364,"date":"2018-11-21T17:00:27","date_gmt":"2018-11-21T23:00:27","guid":{"rendered":"https:\/\/www.institutolapaz.edu.mx\/?page_id=364"},"modified":"2018-12-08T15:43:36","modified_gmt":"2018-12-08T21:43:36","slug":"whatsapp-para-padres","status":"publish","type":"page","link":"https:\/\/www.institutolapaz.edu.mx\/ing\/whatsapp-para-padres\/","title":{"rendered":"WHATSAPP PARA PADRES"},"content":{"rendered":"<p>[et_pb_section fb_built=&#8221;1&#8243; _builder_version=&#8221;3.18.2&#8243; background_color=&#8221;#e02b20&#8243; custom_padding=&#8221;7px|0px|0|0px|false|false&#8221;][et_pb_row _builder_version=&#8221;3.18.2&#8243;][et_pb_column type=&#8221;4_4&#8243; _builder_version=&#8221;3.18.2&#8243; parallax=&#8221;off&#8221; parallax_method=&#8221;on&#8221;][et_pb_text _builder_version=&#8221;3.18.2&#8243; text_font=&#8221;|800|||||||&#8221; text_text_color=&#8221;#ffffff&#8221;]<\/p>\n<h1><strong>WHATSAPP PARA PADRES<\/strong><\/h1>\n<p>[\/et_pb_text][\/et_pb_column][\/et_pb_row][\/et_pb_section][et_pb_section fb_built=&#8221;1&#8243; _builder_version=&#8221;3.0.47&#8243; custom_padding=&#8221;25px|0px|0|0px|false|false&#8221;][et_pb_row _builder_version=&#8221;3.0.48&#8243; background_size=&#8221;initial&#8221; background_position=&#8221;top_left&#8221; background_repeat=&#8221;repeat&#8221; custom_padding=&#8221;0|0px|27px|0px|false|false&#8221;][et_pb_column type=&#8221;4_4&#8243; _builder_version=&#8221;3.0.47&#8243; parallax=&#8221;off&#8221; parallax_method=&#8221;on&#8221;][et_pb_text _builder_version=&#8221;3.14&#8243;]<\/p>\n<p dir=\"ltr\" style=\"text-align: justify;\">Whatsapp es sin duda la aplicaci\u00f3n de mensajer\u00eda instant\u00e1nea m\u00e1s popular en M\u00e9xico y su uso ha visto un incremento notable en las comunidades escolares entre los padres de familia que han querido disfrutar de sus beneficios en las comunicaciones con profesores, padres de familia de otros chicos del mismo grupo.<\/p>\n<p style=\"text-align: justify;\">\u00a0<\/p>\n<p dir=\"ltr\" style=\"text-align: justify;\">Sin embargo, algunos reportes hablan de casos en los que estos grupos literalmente se desvirt\u00faan y son usados para criticar el desempe\u00f1o de profesores, o del contenido de circulares escolares, conductas de otros padres, b\u00fasqueda de libros y materiales extraviados por estudiantes y muchas otras situaciones que han provocado diversos problemas de interpretaci\u00f3n, raz\u00f3n por la cual queremos ofrecer algunas recomendaciones surgidas de escuelas y los propios padres de familia por igual.<\/p>\n<p style=\"text-align: justify;\">\u00a0<\/p>\n<p dir=\"ltr\" style=\"text-align: justify;\"><strong>Recuerda, t\u00fa lo escribes, ellos lo interpretan.<\/strong><\/p>\n<p dir=\"ltr\" style=\"text-align: justify;\">En la comunicaci\u00f3n digital, los mensajes que escribes, \u00a0son interpretados por quienes los leen. Incluso leves errores gramaticales pueden provocar que un texto, escrito con las mejores intenciones, sea interpretado en forma negativa por uno o varios miembros del grupo.<\/p>\n<p dir=\"ltr\" style=\"text-align: justify;\">Antes de presionar \u201cEnviar\u201d, aseg\u00farate que la redacci\u00f3n es clara, recuerda que el auto-corrector de los tel\u00e9fonos con frecuencia te juega malas pasadas.<\/p>\n<p style=\"text-align: justify;\">\u00a0<\/p>\n<p dir=\"ltr\" style=\"text-align: justify;\"><strong>No es un espacio para ni\u00f1os.<\/strong><\/p>\n<p dir=\"ltr\" style=\"text-align: justify;\">Estos grupos deben reservarse a padres de familia, profesores, autoridades de la escuela y dem\u00e1s adultos responsables de la educaci\u00f3n de los chicos. Los ni\u00f1os no deben ser miembros de estos grupos ya que los temas que se toquen pueden escapar de su comprensi\u00f3n, escribir opiniones sin autoridad y provocar la molestia de otros padres.<\/p>\n<p style=\"text-align: justify;\">\u00a0<\/p>\n<p dir=\"ltr\" style=\"text-align: justify;\"><strong>Tus comentarios te reflejan.<\/strong><\/p>\n<p dir=\"ltr\" style=\"text-align: justify;\">La importancia de expresarse con respeto adquiere mayor relevancia en Internet por la magnitud de la audiencia que puede leer tus comentarios, y formarse una imagen de ti. Siempre recuerda que una vez que lo publicas, no puedes arrepentirte, por lo que te sugerimos la regla de contar hasta 10 si pretendes responder a un comentario u opini\u00f3n que te ha molestado. Evita criticar o trata de hacerlo siempre de manera constructiva. Si existe un asunto que consideres importante, es mejor resolverlo personalmente acudiendo a la escuela. No difundas rumores pues la interpretaci\u00f3n que todos dan a ello es que est\u00e1s de acuerdo con lo comentado.<\/p>\n<p dir=\"ltr\" style=\"text-align: justify;\">Publicar algo no es sin\u00f3nimo de que todos lo han le\u00eddo.<\/p>\n<p dir=\"ltr\" style=\"text-align: justify;\">\n<h4 dir=\"ltr\" style=\"text-align: justify;\"><strong>USOS RECOMENDADOS:<\/strong><\/h4>\n<ul style=\"text-align: justify;\">\n<li>Comunicar alertas<\/li>\n<li>Notificaciones de bienestar (Cuando los chicos llegan a alg\u00fan destino al que han viajado y el profesor responsable publica una sola notificaci\u00f3n para todos los padres de familia).<\/li>\n<li>Organizaci\u00f3n de eventos<\/li>\n<li>Avisos de calificaciones<\/li>\n<li>Avisos de circulares<\/li>\n<\/ul>\n<h4 dir=\"ltr\" style=\"text-align: justify;\"><strong>USOS NO RECOMENDADOS:<\/strong><\/h4>\n<p style=\"text-align: justify;\">\u00a0<\/p>\n<p dir=\"ltr\" style=\"text-align: justify;\"><strong>Compartir videos o chistes.<br \/> <\/strong>Le restan valor a la comunicaci\u00f3n del grupo, e incluso pueden provocar reacciones negativas.<\/p>\n<p dir=\"ltr\" style=\"text-align: justify;\"><strong>Opiniones sobre las tareas.<br \/> <\/strong>Si una tarea te genera dudas de aprovechamiento, ac\u00e9rcate a la escuela a resolverlas, pero no lo expreses en el grupo, pues puedes provocar reacciones en cadena negativas.<\/p>\n<p dir=\"ltr\" style=\"text-align: justify;\"><strong>Opiniones sobre docentes.<\/strong><br \/> Si tienes dudas sobre el desempe\u00f1o de un docente, acude al plantel a compartirlas de forma constructiva, y obt\u00e9n ah\u00ed las respuestas que te tranquilicen.<\/p>\n<p dir=\"ltr\" style=\"text-align: justify;\"><strong>Cr\u00edticas a otros padres o a sus hijos.<\/strong><br \/> Nada puede enfurecer a otros padres de familia m\u00e1s, que ser testigos de cr\u00edticas p\u00fablicas. Estos asuntos deben siempre resolverse en persona.<\/p>\n<p dir=\"ltr\" style=\"text-align: justify;\"><strong>Resolver los olvidos de tus hijos.<\/strong><br \/> Traer la tarea y los libros que necesita para resolverla, o cuidar el su\u00e9ter del uniforme son responsabilidades de tus hijos, no uses estos grupos para resolver sus olvidos.<\/p>\n<p>[\/et_pb_text][\/et_pb_column][\/et_pb_row][\/et_pb_section]<\/p>\n","protected":false},"excerpt":{"rendered":"<p>WHATSAPP PARA PADRES Whatsapp es sin duda la aplicaci\u00f3n de mensajer\u00eda instant\u00e1nea m\u00e1s popular en M\u00e9xico y su uso ha visto un incremento notable en las comunidades escolares entre los padres de familia que han querido disfrutar de sus beneficios en las comunicaciones con profesores, padres de familia de otros chicos del mismo grupo. \u00a0 [&hellip;]<\/p>\n","protected":false},"author":1,"featured_media":0,"parent":0,"menu_order":0,"comment_status":"closed","ping_status":"closed","template":"","meta":{"_et_pb_use_builder":"on","_et_pb_old_content":"","_et_gb_content_width":"","footnotes":""},"class_list":["post-364","page","type-page","status-publish","hentry"],"_links":{"self":[{"href":"https:\/\/www.institutolapaz.edu.mx\/ing\/wp-json\/wp\/v2\/pages\/364","targetHints":{"allow":["GET"]}}],"collection":[{"href":"https:\/\/www.institutolapaz.edu.mx\/ing\/wp-json\/wp\/v2\/pages"}],"about":[{"href":"https:\/\/www.institutolapaz.edu.mx\/ing\/wp-json\/wp\/v2\/types\/page"}],"author":[{"embeddable":true,"href":"https:\/\/www.institutolapaz.edu.mx\/ing\/wp-json\/wp\/v2\/users\/1"}],"replies":[{"embeddable":true,"href":"https:\/\/www.institutolapaz.edu.mx\/ing\/wp-json\/wp\/v2\/comments?post=364"}],"version-history":[{"count":3,"href":"https:\/\/www.institutolapaz.edu.mx\/ing\/wp-json\/wp\/v2\/pages\/364\/revisions"}],"predecessor-version":[{"id":1359,"href":"https:\/\/www.institutolapaz.edu.mx\/ing\/wp-json\/wp\/v2\/pages\/364\/revisions\/1359"}],"wp:attachment":[{"href":"https:\/\/www.institutolapaz.edu.mx\/ing\/wp-json\/wp\/v2\/media?parent=364"}],"curies":[{"name":"wp","href":"https:\/\/api.w.org\/{rel}","templated":true}]}}